{"id":798,"date":"2020-11-15T11:36:08","date_gmt":"2020-11-15T10:36:08","guid":{"rendered":"http:\/\/www.musical-leones.com\/?post_type=product&#038;p=798"},"modified":"2026-01-17T11:17:02","modified_gmt":"2026-01-17T10:17:02","slug":"piano-yamaha-b3","status":"publish","type":"product","link":"https:\/\/www.musical-leones.com\/index.php\/producto\/piano-yamaha-b3\/","title":{"rendered":"PIANO YAMAHA B3 Negro Pulido"},"content":{"rendered":"<h3 class=\"heading\">Calidad de los Componentes, Calidad de Sonido<\/h3>\n<div class=\"clearfix\">\n<div class=\"media-box media-image pull-left\"><img decoding=\"async\" class=\"img-responsive images\" src=\"https:\/\/es.yamaha.com\/es\/files\/BC5841174F864F5687DF3F266B819CDB_12083_240x147_8eb553bbd17f360ffc9f48c1601db4f0.jpg\" alt=\"\" \/><\/div>\n<p class=\"description\">Construidos alrededor de un barraje con cuatro robustos postes de madera y una s\u00f3lida arpa de acero, los pianos de la Serie b poseen el reconocido tono claro y puro de Yamaha. Los macillos de alta calidad y un probado dise\u00f1o de su mec\u00e1nica proporcionan una facilidad de interpretaci\u00f3n y una pulsaci\u00f3n con una elevada respuesta lo que les hace perfectos para principiantes.<\/p>\n<\/div>\n","protected":false},"excerpt":{"rendered":"<p>La incorporaci\u00f3n del b3 de Yamaha en la serie b se debe a su elevado nivel de calidad, cercano al de los pianos profesionales, ci\u00f1\u00e9ndose a la filosof\u00eda del dise\u00f1o de la serie b que promulga el valor y la asequibilidad.<\/p>\n","protected":false},"featured_media":801,"template":"","meta":{"_joinchat":[]},"product_brand":[],"product_cat":[35,41],"product_tag":[],"class_list":{"0":"post-798","1":"product","2":"type-product","3":"status-publish","4":"has-post-thumbnail","6":"product_cat-pianos","7":"product_cat-verticales","9":"first","10":"instock","11":"sale","12":"shipping-taxable","13":"purchasable","14":"product-type-simple"},"aioseo_notices":[],"_links":{"self":[{"href":"https:\/\/www.musical-leones.com\/index.php\/wp-json\/wp\/v2\/product\/798","targetHints":{"allow":["GET"]}}],"collection":[{"href":"https:\/\/www.musical-leones.com\/index.php\/wp-json\/wp\/v2\/product"}],"about":[{"href":"https:\/\/www.musical-leones.com\/index.php\/wp-json\/wp\/v2\/types\/product"}],"version-history":[{"count":5,"href":"https:\/\/www.musical-leones.com\/index.php\/wp-json\/wp\/v2\/product\/798\/revisions"}],"predecessor-version":[{"id":2082,"href":"https:\/\/www.musical-leones.com\/index.php\/wp-json\/wp\/v2\/product\/798\/revisions\/2082"}],"wp:featuredmedia":[{"embeddable":true,"href":"https:\/\/www.musical-leones.com\/index.php\/wp-json\/wp\/v2\/media\/801"}],"wp:attachment":[{"href":"https:\/\/www.musical-leones.com\/index.php\/wp-json\/wp\/v2\/media?parent=798"}],"wp:term":[{"taxonomy":"product_brand","embeddable":true,"href":"https:\/\/www.musical-leones.com\/index.php\/wp-json\/wp\/v2\/product_brand?post=798"},{"taxonomy":"product_cat","embeddable":true,"href":"https:\/\/www.musical-leones.com\/index.php\/wp-json\/wp\/v2\/product_cat?post=798"},{"taxonomy":"product_tag","embeddable":true,"href":"https:\/\/www.musical-leones.com\/index.php\/wp-json\/wp\/v2\/product_tag?post=798"}],"curies":[{"name":"wp","href":"https:\/\/api.w.org\/{rel}","templated":true}]}}