{"id":641,"date":"2023-09-08T20:53:11","date_gmt":"2023-09-08T18:53:11","guid":{"rendered":"http:\/\/www.musical-leones.com\/index.php\/producto\/import-placeholder-for-70\/"},"modified":"2026-01-17T11:09:37","modified_gmt":"2026-01-17T10:09:37","slug":"yamaha-b1-negro-pulido-con-banqueta-regulable","status":"publish","type":"product","link":"https:\/\/www.musical-leones.com\/index.php\/producto\/yamaha-b1-negro-pulido-con-banqueta-regulable\/","title":{"rendered":"YAMAHA B1 Negro Pulido"},"content":{"rendered":"<p>Porque los Valores son importantes, el modelo B1 redefine la relaci\u00f3n valor\/precio. Con un precio m\u00e1s econ\u00f3mico que el de algunos de sus competidores de inferior calidad, mantiene el est\u00e1ndar Yamaha en todos los sentidos. El B1 proporcionar\u00e1 a tu familia la satisfacci\u00f3n de poseer un aut\u00e9ntico piano Yamaha nuevo a un precio sorprendentemente asequible.<\/p>\n","protected":false},"excerpt":{"rendered":"<p><strong><em>GARANTIZAMOS RECOMPRA AL MISMO PRECIO<\/em><\/strong><\/p>\n<p><strong><em>SI CAMBIA A PIANO SUPERIOR<\/em><\/strong><\/p>\n","protected":false},"featured_media":700,"template":"","meta":{"_joinchat":[]},"product_brand":[],"product_cat":[35,41],"product_tag":[],"class_list":{"0":"post-641","1":"product","2":"type-product","3":"status-publish","4":"has-post-thumbnail","6":"product_cat-pianos","7":"product_cat-verticales","9":"first","10":"instock","11":"sale","12":"featured","13":"sold-individually","14":"shipping-taxable","15":"purchasable","16":"product-type-simple"},"aioseo_notices":[],"_links":{"self":[{"href":"https:\/\/www.musical-leones.com\/index.php\/wp-json\/wp\/v2\/product\/641","targetHints":{"allow":["GET"]}}],"collection":[{"href":"https:\/\/www.musical-leones.com\/index.php\/wp-json\/wp\/v2\/product"}],"about":[{"href":"https:\/\/www.musical-leones.com\/index.php\/wp-json\/wp\/v2\/types\/product"}],"version-history":[{"count":4,"href":"https:\/\/www.musical-leones.com\/index.php\/wp-json\/wp\/v2\/product\/641\/revisions"}],"predecessor-version":[{"id":2078,"href":"https:\/\/www.musical-leones.com\/index.php\/wp-json\/wp\/v2\/product\/641\/revisions\/2078"}],"wp:featuredmedia":[{"embeddable":true,"href":"https:\/\/www.musical-leones.com\/index.php\/wp-json\/wp\/v2\/media\/700"}],"wp:attachment":[{"href":"https:\/\/www.musical-leones.com\/index.php\/wp-json\/wp\/v2\/media?parent=641"}],"wp:term":[{"taxonomy":"product_brand","embeddable":true,"href":"https:\/\/www.musical-leones.com\/index.php\/wp-json\/wp\/v2\/product_brand?post=641"},{"taxonomy":"product_cat","embeddable":true,"href":"https:\/\/www.musical-leones.com\/index.php\/wp-json\/wp\/v2\/product_cat?post=641"},{"taxonomy":"product_tag","embeddable":true,"href":"https:\/\/www.musical-leones.com\/index.php\/wp-json\/wp\/v2\/product_tag?post=641"}],"curies":[{"name":"wp","href":"https:\/\/api.w.org\/{rel}","templated":true}]}}