{"id":1233,"date":"2023-08-02T09:03:05","date_gmt":"2023-08-02T07:03:05","guid":{"rendered":"https:\/\/www.musical-leones.com\/?post_type=product&#038;p=1233"},"modified":"2025-01-04T21:19:48","modified_gmt":"2025-01-04T20:19:48","slug":"yamaha-u3-s","status":"publish","type":"product","link":"https:\/\/www.musical-leones.com\/index.php\/producto\/yamaha-u3-s\/","title":{"rendered":"YAMAHA U3 S"},"content":{"rendered":"<div class=\"sales-information hidden-xs\">\n<h3><span class=\"product-name\">U3<\/span><\/h3>\n<\/div>\n<p>Una c\u00e1mara ac\u00fastica y una caja de resonancia ampliadas proporcionan al modelo U3 de 131 cm una mayor potencia y proyecci\u00f3n, con el control tonal y expresivo incomparable de la acci\u00f3n legendaria de Yamaha.<\/p>\n<ul>\n<li>Dise\u00f1o de escala avanzado<\/li>\n<li>Caja de resonancia y bastidor<\/li>\n<li>Martillos con nuevo dise\u00f1o<\/li>\n<li>Cubierta de cierre suave<\/li>\n<\/ul>\n","protected":false},"excerpt":{"rendered":"<div class=\"sales-information hidden-xs\">\n<h3><span class=\"product-name\">U3<\/span><\/h3>\n<\/div>\n<p>Una c\u00e1mara ac\u00fastica y una caja de resonancia ampliadas proporcionan al modelo U3 de 131 cm una mayor potencia y proyecci\u00f3n, con el control tonal y expresivo incomparable de la acci\u00f3n legendaria de Yamaha.<\/p>\n<ul>\n<li>Dise\u00f1o de escala avanzado<\/li>\n<li>Caja de resonancia y bastidor<\/li>\n<li>Martillos con nuevo dise\u00f1o<\/li>\n<li>Cubierta de cierre suave<\/li>\n<\/ul>\n","protected":false},"featured_media":1234,"template":"","meta":{"_joinchat":[]},"product_brand":[],"product_cat":[35,41],"product_tag":[],"class_list":{"0":"post-1233","1":"product","2":"type-product","3":"status-publish","4":"has-post-thumbnail","6":"product_cat-pianos","7":"product_cat-verticales","9":"first","10":"onbackorder","11":"shipping-taxable","12":"purchasable","13":"product-type-simple"},"aioseo_notices":[],"_links":{"self":[{"href":"https:\/\/www.musical-leones.com\/index.php\/wp-json\/wp\/v2\/product\/1233","targetHints":{"allow":["GET"]}}],"collection":[{"href":"https:\/\/www.musical-leones.com\/index.php\/wp-json\/wp\/v2\/product"}],"about":[{"href":"https:\/\/www.musical-leones.com\/index.php\/wp-json\/wp\/v2\/types\/product"}],"version-history":[{"count":2,"href":"https:\/\/www.musical-leones.com\/index.php\/wp-json\/wp\/v2\/product\/1233\/revisions"}],"predecessor-version":[{"id":2006,"href":"https:\/\/www.musical-leones.com\/index.php\/wp-json\/wp\/v2\/product\/1233\/revisions\/2006"}],"wp:featuredmedia":[{"embeddable":true,"href":"https:\/\/www.musical-leones.com\/index.php\/wp-json\/wp\/v2\/media\/1234"}],"wp:attachment":[{"href":"https:\/\/www.musical-leones.com\/index.php\/wp-json\/wp\/v2\/media?parent=1233"}],"wp:term":[{"taxonomy":"product_brand","embeddable":true,"href":"https:\/\/www.musical-leones.com\/index.php\/wp-json\/wp\/v2\/product_brand?post=1233"},{"taxonomy":"product_cat","embeddable":true,"href":"https:\/\/www.musical-leones.com\/index.php\/wp-json\/wp\/v2\/product_cat?post=1233"},{"taxonomy":"product_tag","embeddable":true,"href":"https:\/\/www.musical-leones.com\/index.php\/wp-json\/wp\/v2\/product_tag?post=1233"}],"curies":[{"name":"wp","href":"https:\/\/api.w.org\/{rel}","templated":true}]}}